Suppose s - 1555 = 4*d - 5431, 5*d = 4*s + 4834. What are the prime factors of d?
2, 5, 97
Let x = 2 + -2. Suppose 4*n = -4*r + 40, x = 4*r - 5*n - 66 - 19. Let p = -6 + r. What are the prime factors of p?
3
Suppose 2*o = 6, -5*o - 1661 = -45*z + 44*z. List the prime factors of z.
2, 419
Let c(n) = 13*n**3 - n**2 - n + 1. Let b be c(1). Let a(t) = -2*t + 40. Let q be a(16). Suppose 0 = m + q - b. What are the prime factors of m?
2
Suppose 4*k = -2*u + 106, 2*k + 2*k - 100 = 4*u. Suppose -3*q = 5 - k. Let n = q + 25. List the prime factors of n.
2
Let v = -51 + 58. Let m be (-1157 - 3)/((-1)/2). What are the prime factors of (-1)/v - m/(-70)?
3, 11
Let n be (53/(-12)*-9)/(3/8). Suppose 3 = w, 0*s + n = 2*s - 4*w. List the prime factors of s.
59
Let g = 724 + -151. What are the prime factors of g?
3, 191
Suppose 20*q = 18*q + 1156. List the prime factors of q.
2, 17
Suppose 46*g - 42*g - 4*n + 8 = 0, -2*n = -g - 4. Let d(v) = 0*v**2 - v + 33 - v**3 - 14 - v**2. List the prime factors of d(g).
19
Suppose 541*n = 545*n - 1600. What are the prime factors of n?
2, 5
Suppose -q + 31 = -9. Suppose 26 = -3*o + 275. Let d = o - q. List the prime factors of d.
43
Suppose 0 = -23*c + 22*c - 39. Let p be 1/((-20)/(-21) + -1). What are the prime factors of (1 - c/p)*-35?
2, 3, 5
Let m = -297 - -426. What are the prime factors of m?
3, 43
Let k(a) = a**3 + 20*a**2 + 17*a + 14. Let r be k(-19). Suppose 0 = -4*t + 472 + r. What are the prime factors of t?
131
Let a be -1*6 - (-2 + -1). Let i(y) = -2*y**3 - 3*y**2 - 3*y - 4. What are the prime factors of i(a)?
2
Let z = 39 + 6. Let k = z + -34. List the prime factors of k.
11
Suppose -10*b = -3*b - 28. Suppose -2*c + b*o = 5*o - 257, 0 = 5*c - o - 653. What are the prime factors of c?
2, 5, 13
Let d(j) = -j**3 - 13*j**2 - 8*j + 20. Let f be d(-11). Let z = 223 + f. What are the prime factors of z?
89
Suppose 0 = 3*y - 1 - 11. Suppose -q - y*p + 6*p = -270, -555 = -2*q - p. What are the prime factors of q?
2, 3, 23
Suppose 114 = 5*h - 506. Suppose 0 = 2*o - 2 - h. Suppose 2*i - 3*r = o, 2*i + 5*r = 4*i - 69. What are the prime factors of i?
3
Let o(r) = -r**3 - 5*r**2 + 2. Let p be o(-5). Suppose 3*a = a + p. What are the prime factors of (a + -3)*(-24)/16?
3
Suppose 0*w + 4*w = -144. Let y = w + 23. Let z = -9 - y. What are the prime factors of z?
2
Suppose 3*u + 11 - 92 = 0. Let k = u - -17. What are the prime factors of k?
2, 11
Let i(l) = 2*l + 9. Let u be i(-6). Let t be (-113)/2*(-5 - u). Let d = t - 73. List the prime factors of d.
2, 5
Suppose 0 = -3*z + 6*z - 9. Suppose -2*n = -z*n + 14. What are the prime factors of n?
2, 7
Let x = 11 - 12. Let w be ((-1)/2 + x)*-6. Let q = -3 + w. List the prime factors of q.
2, 3
Suppose 5*m - 6 = -3*a + 4, 4*m - 40 = 4*a. List the prime factors of ((-785)/a)/(3*(-2)/(-6)).
157
Suppose 2*n - 15 = 3*z, n + 3*z - 10 - 20 = 0. List the prime factors of ((-42)/15 - -3) + 3912/n.
3, 29
Suppose -29*r = -33*r + 2496. List the prime factors of r.
2, 3, 13
Suppose 3*j = 2*j - i - 3, -5*j = 4*i + 12. Suppose 2*q - 4*x + 117 = 3*q, j = 2*q - x - 261. List the prime factors of q.
3, 43
Let k be 3 + -1 + 4/(-2). Suppose 4*s - 9 - 11 = k. Suppose s*n - 65 = 40. What are the prime factors of n?
3, 7
Suppose -4*x + 3*i + 5198 = -640, 2*i = 4*x - 5840. List the prime factors of x.
3, 487
Let w(h) = 24*h - 12. List the prime factors of w(5).
2, 3
Suppose -10 = 2*p + 3*p, -6 = -3*q - 3*p. Suppose -2*o - q*g = 24, -4*o - 5*g - 60 + 15 = 0. List the prime factors of 2/10 + (-88)/o.
3
Let m = -77 - -82. Suppose 4*h = m*d - 976, -8*d - 2*h + 568 = -5*d. What are the prime factors of d?
2, 3
Suppose -1290 = 4*v - 0*v + 2*w, 5*w = 5*v + 1575. Let h = v + 461. What are the prime factors of h?
3, 47
Suppose 4*a - 8*a = 488. Let p = a - -179. List the prime factors of p.
3, 19
Let d = 0 + -20. Let q = 22 + d. List the prime factors of q/(4 - (-348)/(-88)).
2, 11
Let h be (6/(-9))/(2/(-15)). Suppose 3*d = 16 + h. Suppose 0*f - d*f = -259. List the prime factors of f.
37
What are the prime factors of 60208/80 - (-6)/(-10)?
2, 47
What are the prime factors of 54/72 - (-6882)/8?
3, 7, 41
Let z = -1551 + 3608. What are the prime factors of z?
11, 17
Suppose 20*m - 8 = 18*m. List the prime factors of 3008/52 - m/(-26).
2, 29
Suppose -5*z - 62*g + 63*g = -12396, -4*z + 5*g = -9900. List the prime factors of z.
2, 5, 31
Let j = -2 - -5. Let g(k) = 6*k**2 - 2*k + 1. What are the prime factors of g(j)?
7
List the prime factors of ((-1)/(-3) - 1)*-2658.
2, 443
Suppose k + 72 = -3*k - 3*g, 3*k + 57 = -3*g. Let l = k - -18. Suppose 0 = -y - l*y + 12, -3*a + 5*y = -54. List the prime factors of a.
23
Let n be 1*-2*369/(-18). Let x = n - 28. Suppose -g = -12 - x. What are the prime factors of g?
5
What are the prime factors of (6 + -160)/(-2) - 2?
3, 5
Let p be (-3)/12 + (-27)/(-12). Suppose f + 5*n = 0, n - 1 + p = 0. Suppose f*y - 29 - 36 = 0. List the prime factors of y.
13
Let s = 4123 + -1970. What are the prime factors of s?
2153
Suppose -10 = -u + 52. Suppose 0 = -5*j + 10*j + 215. Let k = u + j. List the prime factors of k.
19
Let w be (78/(-65))/(2/(-10)). Suppose -4*h + w*g + 180 = 2*g, -219 = -5*h + 2*g. What are the prime factors of h?
43
Suppose -4*g = -4, -3*g - 1118 - 34 = -3*i. List the prime factors of i.
5, 7, 11
Let p = 148 + 178. What are the prime factors of p?
2, 163
Let w be (2 - 83)/((-6)/20). What are the prime factors of (w/63)/(2/14)?
2, 3, 5
Let b = -115 - -109. Let z(f) = -9*f - 2*f - 5*f**2 - 20 + 4*f**2. What are the prime factors of z(b)?
2, 5
Suppose 0*j + 90675 = 65*j. What are the prime factors of j?
3, 5, 31
Let f be 22 - (-16)/4 - 1. Suppose l + 3*t = f, -6*l + t + 5 = -5*l. Let o = l + -7. List the prime factors of o.
3
Let q = -8 - -12. Let s = -7 + q. List the prime factors of s/2 - 91/(-2).
2, 11
Let v(n) = n**2 + 2*n + 1. Let f be v(-1). Suppose f = 4*s + 3 + 13, -5*t + 5*s = 0. List the prime factors of t*(-5)/((-5)/(-3)).
2, 3
Let r(p) = p**2 + 5*p + 4. Let g be r(-4). Suppose 5*u - 4*l - 11 - 9 = g, 5*l = 0. Suppose u + 8 = 2*k. What are the prime factors of k?
2, 3
Let r = -757 - -1145. List the prime factors of r.
2, 97
Let q = 1608 - 176. List the prime factors of q.
2, 179
Suppose -2*x + 3*t + 7 = 0, -5*t - 17 = -5*x + 3. Let q = 7 - 7. Suppose -3*d + 15 = q, 3*d - 4*d + 145 = x*f. What are the prime factors of f?
2, 7
Let u(n) = -n + 7. Let v be u(12). Let m be v/(-3)*(-18)/(-5). Suppose 3*t - m = 2*t. List the prime factors of t.
2, 3
Suppose d = -d + 8. Suppose -d*f = f + 255. What are the prime factors of ((-4)/(-6))/((-2)/f)?
17
Let n(k) = -1. Let m(b) = b + 2. Let q(u) = 4*m(u) + 11*n(u). Suppose -5*d + 5 = 5*l, 0 = l + l + d - 5. List the prime factors of q(l).
13
Suppose 25*u = 1455 + 2420. List the prime factors of u.
5, 31
Suppose 4*m - 7 = 65. What are the prime factors of m?
2, 3
Let l = 4472 + -1261. List the prime factors of l.
13, 19
Let k be (-60)/8*(-2)/3. Suppose k*j + 3*c - 286 = 2*c, -3*j - 5*c + 154 = 0. List the prime factors of j.
2, 29
Let x = -232 - -393. What are the prime factors of x?
7, 23
Suppose 2*u + 2*u + 28 = 0. What are the prime factors of ((-52)/u - 4)/(4/42)?
2, 3
Let t = 105 + -103. What are the prime factors of 13/26*(146 + t)?
2, 37
Let s be 1/4*22*(-6 + 102). Suppose -2*r = -q - 264, -s = -4*r - 0*q + q. What are the prime factors of r?
2, 3, 11
Suppose -b + 1151 = -11*c + 15*c, -2*c - 5*b = -571. List the prime factors of c.
2, 3
Suppose 19*g - 29344 = -4093. List the prime factors of g.
3, 443
Let k(g) = -g**2 + 75. Let u be k(0). Let d = u + 11. What are the prime factors of d?
2, 43
Let q be (-18)/5*(-5)/3. Suppose t - q - 3 = 0. What are the prime factors of t?
3
Let x = 0 - 0. Suppose x*d + 4 = d. Suppose -d*m + 7*m = 174. What are the prime factors of m?
2, 29
Let c(h) = h**3 - 8*h**2 - 10*h + 18. Let s = -6 + 3. Let t be 4/(-3)*s + 5. List the prime factors of c(t).
3
Let r(o) = -o**3 + 43*o**2 - 24*o + 46. List the prime factors of r(42).
2, 401
Let s = 23 - 26. Let w = 6 - s. Suppose -3*z + 24 = -w. List the prime factors of z.
11
What are the prime factors of (400/(-3))/(21/(-189))?
2, 3, 5
What are the prime factors of 2*47/(5 + -4 + 0)?
2, 47
Suppose -3*j = -4*n - n - 8, 0 = 5*j - n + 16. What are the 